{"id":2848,"date":"2023-02-10T10:44:01","date_gmt":"2023-02-10T10:44:01","guid":{"rendered":"https:\/wroclaw\/wroclaw.centralpark.pl\/?page_id=2848"},"modified":"2024-07-08T13:50:57","modified_gmt":"2024-07-08T13:50:57","slug":"apartamenty-we-wroclawiu-na-sprzedaz","status":"publish","type":"page","link":"https:\/\/centralpark.pl\/wroclaw\/apartamenty-we-wroclawiu-na-sprzedaz\/","title":{"rendered":"Apartamenty we Wroc\u0142awiu na sprzeda\u017c"},"content":{"rendered":"\n<div class=\"wp-block-media-text has-media-on-the-right is-stacked-on-mobile\" style=\"grid-template-columns:auto 55%\"><div class=\"wp-block-media-text__content\">\n<p>Mieszkanie we Wroc\u0142awiu to Twoje marzenie? Pragniesz na co dzie\u0144 \u017cy\u0107 aktywnie, w dynamicznym tempie miejskiego \u017cycia, a jednocze\u015bnie m\u00f3c wyciszy\u0107 si\u0119 bez konieczno\u015bci wyje\u017cd\u017cania poza dom? W Central Park oferujemy luksusowe apartamenty we Wroc\u0142awiu na sprzeda\u017c. Inwestycja zlokalizowana jest w centrum, a na jej terenie znajduj\u0105 si\u0119 r\u00f3wnie\u017c udogodnienia, kt\u00f3re pomog\u0105 Ci zrelaksowa\u0107 si\u0119 i odpocz\u0105\u0107 od codziennych obowi\u0105zk\u00f3w.<\/p>\n\n\n\n<div class=\"wp-block-buttons is-content-justification-center is-layout-flex wp-container-core-buttons-is-layout-16018d1d wp-block-buttons-is-layout-flex\">\n<div class=\"wp-block-button is-style-outline--1\">\n  <a class=\"wp-block-button__link has-background has-text-align-center wp-element-button\" href=\"https:\/wroclaw\/wroclaw.centralpark.pl\/mieszkania\/\" style=\"background-color: #C1945A;\">\n    Zobacz list\u0119 wolnych apartament\u00f3w\n  <\/a>\n<\/div>\n\n<\/div>\n\n\n\n<div style=\"height:12px\" aria-hidden=\"true\" class=\"wp-block-spacer\"><\/div>\n\n\n\n<h2 class=\"wp-block-heading\">Apartamenty we Wroc\u0142awiu na sprzeda\u017c \u2013 wszystko, czego pragniesz, w zasi\u0119gu r\u0119ki<\/h2>\n\n\n\n<p>Nasze apartamenty na sprzeda\u017c we Wroc\u0142awiu po\u0142o\u017cone s\u0105 na K\u0119pie Mieszcza\u0144skiej, sk\u0105d do Rynku mo\u017cesz dotrze\u0107 pieszo zaledwie w 10 minut. W pobli\u017cu powstaje r\u00f3wnie\u017c Park Mieszcza\u0144ski, a zatem w najbli\u017cszej okolicy Twojego przysz\u0142ego domu \u0142\u0105cz\u0105 si\u0119 dwie strefy \u2013 t\u0119tni\u0105ce \u017cyciem miasto oraz przyroda. Ca\u0142o\u015b\u0107 inwestycji obejmuje pi\u0119\u0107 9-kondygnacyjnych budynk\u00f3w, ponadto na terenie inwestycji znajduje si\u0119 r\u00f3\u017cne udogodnienia.<\/p>\n\n\n\n<p>Nasze apartamenty we Wroc\u0142awiu na sprzeda\u017c to co\u015b wi\u0119cej ni\u017c tylko miejsce do zamieszkania. Na terenie inwestycji znajduj\u0105 si\u0119 bowiem strefa relaksu z grot\u0105 soln\u0105 i pokojem inhalacyjnym oraz spa, w kt\u00f3rej znajduje si\u0119 sauna sucha i infrared, t\u0119\u017cnia solankowa i \u0142a\u017ania parowa. Poza tym na u\u017cytek mieszka\u0144c\u00f3w przygotowana jest si\u0142ownia, a nawet sucha myjnia i stacja napraw rower\u00f3w. Wszyscy mieszka\u0144cy Apartament\u00f3w Central Park Wroc\u0142aw maj\u0105 dost\u0119p do dwupoziomowego parkingu wyposa\u017conego w stacje \u0142adowania dla pojazd\u00f3w elektrycznych.<\/p>\n\n\n\n<h2 class=\"wp-block-heading\">Apartamenty na sprzeda\u017c \u2013 Wroc\u0142aw. Wybierz najwy\u017cszy komfort<\/h2>\n\n\n\n<p>Wszystkie oferowane przez nas apartamenty we Wroc\u0142awiu na sprzeda\u017c po\u0142o\u017cone w centrum miasta maj\u0105 tarasy, balkony lub ogr\u00f3dki. Na budynkach przygotowano zielone dachy, a mi\u0119dzy nimi: eleganckie patio. Nad cz\u0119\u015bciami wsp\u00f3lnymi czuwa ca\u0142odobowy monitoring. Nasz\u0105 inwestycj\u0119 wyr\u00f3\u017cnia nowoczesny styl zabudowy i zastosowanie zaawansowanych rozwi\u0105za\u0144 w poszczeg\u00f3lnych apartamentach. Na wyr\u00f3\u017cnienie zas\u0142uguj\u0105 m.in. klimatyzacja w standardzie, system do inteligentnego zarz\u0105dzania domem (smart home), rolety automatyczne oraz grzejniki kana\u0142owe. Wybieraj\u0105c nasze apartamenty na sprzeda\u017c we Wroc\u0142awiu, zyskujesz nie tylko mieszkanie w wyj\u0105tkowym miejscu, ale r\u00f3wnie\u017c szereg udogodnie\u0144 i dost\u0119p do wielu us\u0142ug w zasi\u0119gu r\u0119ki.<\/p>\n<\/div><figure class=\"wp-block-media-text__media\"><img loading=\"lazy\" decoding=\"async\" width=\"684\" height=\"1024\" src=\"https:\/wroclaw\/wroclaw.centralpark.pl\/wp-content\/uploads\/2023\/06\/DSC05863zdjecie-inwestycji-luty_marzec-684x1024.jpg\" alt=\"Apartamenty we wroc\u0142awiu na sprzeda\u017c\" class=\"wp-image-3997 size-large\" srcset=\"https:\/\/centralpark.pl\/wroclaw\/wp-content\/uploads\/2023\/06\/DSC05863zdjecie-inwestycji-luty_marzec-684x1024.jpg 684w, https:\/\/centralpark.pl\/wroclaw\/wp-content\/uploads\/2023\/06\/DSC05863zdjecie-inwestycji-luty_marzec-200x300.jpg 200w, https:\/\/centralpark.pl\/wroclaw\/wp-content\/uploads\/2023\/06\/DSC05863zdjecie-inwestycji-luty_marzec-768x1150.jpg 768w, https:\/\/centralpark.pl\/wroclaw\/wp-content\/uploads\/2023\/06\/DSC05863zdjecie-inwestycji-luty_marzec-1026x1536.jpg 1026w, https:\/\/centralpark.pl\/wroclaw\/wp-content\/uploads\/2023\/06\/DSC05863zdjecie-inwestycji-luty_marzec-1368x2048.jpg 1368w, https:\/\/centralpark.pl\/wroclaw\/wp-content\/uploads\/2023\/06\/DSC05863zdjecie-inwestycji-luty_marzec-scaled.jpg 1710w\" sizes=\"auto, (max-width: 684px) 100vw, 684px\" \/><\/figure><\/div>\n","protected":false},"excerpt":{"rendered":"","protected":false},"author":6,"featured_media":0,"parent":0,"menu_order":0,"comment_status":"closed","ping_status":"closed","template":"","meta":{"_acf_changed":false,"inline_featured_image":false,"footnotes":""},"class_list":["post-2848","page","type-page","status-publish","hentry"],"acf":[],"yoast_head":"<!-- This site is optimized with the Yoast SEO plugin v19.11 - https:\/\/yoast.com\/wordpress\/plugins\/seo\/ -->\n<title>Apartamenty na sprzeda\u017c we Wroc\u0142awiu - Central Park Wroc\u0142aw<\/title>\n<meta name=\"robots\" content=\"index, follow, max-snippet:-1, max-image-preview:large, max-video-preview:-1\" \/>\n<link rel=\"canonical\" href=\"https:\/\/centralpark.pl\/wroclaw\/apartamenty-we-wroclawiu-na-sprzedaz\/\" \/>\n<meta property=\"og:locale\" content=\"pl_PL\" \/>\n<meta property=\"og:type\" content=\"article\" \/>\n<meta property=\"og:title\" content=\"Apartamenty na sprzeda\u017c we Wroc\u0142awiu - Central Park Wroc\u0142aw\" \/>\n<meta property=\"og:url\" content=\"https:\/\/centralpark.pl\/wroclaw\/apartamenty-we-wroclawiu-na-sprzedaz\/\" \/>\n<meta property=\"og:site_name\" content=\"Central Park Wroc\u0142aw\" \/>\n<meta property=\"article:modified_time\" content=\"2024-07-08T13:50:57+00:00\" \/>\n<meta name=\"twitter:card\" content=\"summary_large_image\" \/>\n<meta name=\"twitter:label1\" content=\"Szacowany czas czytania\" \/>\n\t<meta name=\"twitter:data1\" content=\"2 minuty\" \/>\n<script type=\"application\/ld+json\" class=\"yoast-schema-graph\">{\"@context\":\"https:\/\/schema.org\",\"@graph\":[{\"@type\":\"WebPage\",\"@id\":\"https:\/\/centralpark.pl\/wroclaw\/apartamenty-we-wroclawiu-na-sprzedaz\/\",\"url\":\"https:\/\/centralpark.pl\/wroclaw\/apartamenty-we-wroclawiu-na-sprzedaz\/\",\"name\":\"Apartamenty na sprzeda\u017c we Wroc\u0142awiu - Central Park Wroc\u0142aw\",\"isPartOf\":{\"@id\":\"https:\/\/centralpark.pl\/wroclaw\/#website\"},\"datePublished\":\"2023-02-10T10:44:01+00:00\",\"dateModified\":\"2024-07-08T13:50:57+00:00\",\"breadcrumb\":{\"@id\":\"https:\/\/centralpark.pl\/wroclaw\/apartamenty-we-wroclawiu-na-sprzedaz\/#breadcrumb\"},\"inLanguage\":\"pl-PL\",\"potentialAction\":[{\"@type\":\"ReadAction\",\"target\":[\"https:\/\/centralpark.pl\/wroclaw\/apartamenty-we-wroclawiu-na-sprzedaz\/\"]}]},{\"@type\":\"BreadcrumbList\",\"@id\":\"https:\/\/centralpark.pl\/wroclaw\/apartamenty-we-wroclawiu-na-sprzedaz\/#breadcrumb\",\"itemListElement\":[{\"@type\":\"ListItem\",\"position\":1,\"name\":\"Strona g\u0142\u00f3wna\",\"item\":\"https:\/\/centralpark.pl\/wroclaw\/\"},{\"@type\":\"ListItem\",\"position\":2,\"name\":\"Apartamenty we Wroc\u0142awiu na sprzeda\u017c\"}]},{\"@type\":\"WebSite\",\"@id\":\"https:\/\/centralpark.pl\/wroclaw\/#website\",\"url\":\"https:\/\/centralpark.pl\/wroclaw\/\",\"name\":\"Central Park Wroc\u0142aw\",\"description\":\"Wroc\u0142aw\",\"potentialAction\":[{\"@type\":\"SearchAction\",\"target\":{\"@type\":\"EntryPoint\",\"urlTemplate\":\"https:\/\/centralpark.pl\/wroclaw\/?s={search_term_string}\"},\"query-input\":\"required name=search_term_string\"}],\"inLanguage\":\"pl-PL\"}]}<\/script>\n<!-- \/ Yoast SEO plugin. -->","yoast_head_json":{"title":"Apartamenty na sprzeda\u017c we Wroc\u0142awiu - Central Park Wroc\u0142aw","robots":{"index":"index","follow":"follow","max-snippet":"max-snippet:-1","max-image-preview":"max-image-preview:large","max-video-preview":"max-video-preview:-1"},"canonical":"https:\/\/centralpark.pl\/wroclaw\/apartamenty-we-wroclawiu-na-sprzedaz\/","og_locale":"pl_PL","og_type":"article","og_title":"Apartamenty na sprzeda\u017c we Wroc\u0142awiu - Central Park Wroc\u0142aw","og_url":"https:\/\/centralpark.pl\/wroclaw\/apartamenty-we-wroclawiu-na-sprzedaz\/","og_site_name":"Central Park Wroc\u0142aw","article_modified_time":"2024-07-08T13:50:57+00:00","twitter_card":"summary_large_image","twitter_misc":{"Szacowany czas czytania":"2 minuty"},"schema":{"@context":"https:\/\/schema.org","@graph":[{"@type":"WebPage","@id":"https:\/\/centralpark.pl\/wroclaw\/apartamenty-we-wroclawiu-na-sprzedaz\/","url":"https:\/\/centralpark.pl\/wroclaw\/apartamenty-we-wroclawiu-na-sprzedaz\/","name":"Apartamenty na sprzeda\u017c we Wroc\u0142awiu - Central Park Wroc\u0142aw","isPartOf":{"@id":"https:\/\/centralpark.pl\/wroclaw\/#website"},"datePublished":"2023-02-10T10:44:01+00:00","dateModified":"2024-07-08T13:50:57+00:00","breadcrumb":{"@id":"https:\/\/centralpark.pl\/wroclaw\/apartamenty-we-wroclawiu-na-sprzedaz\/#breadcrumb"},"inLanguage":"pl-PL","potentialAction":[{"@type":"ReadAction","target":["https:\/\/centralpark.pl\/wroclaw\/apartamenty-we-wroclawiu-na-sprzedaz\/"]}]},{"@type":"BreadcrumbList","@id":"https:\/\/centralpark.pl\/wroclaw\/apartamenty-we-wroclawiu-na-sprzedaz\/#breadcrumb","itemListElement":[{"@type":"ListItem","position":1,"name":"Strona g\u0142\u00f3wna","item":"https:\/\/centralpark.pl\/wroclaw\/"},{"@type":"ListItem","position":2,"name":"Apartamenty we Wroc\u0142awiu na sprzeda\u017c"}]},{"@type":"WebSite","@id":"https:\/\/centralpark.pl\/wroclaw\/#website","url":"https:\/\/centralpark.pl\/wroclaw\/","name":"Central Park Wroc\u0142aw","description":"Wroc\u0142aw","potentialAction":[{"@type":"SearchAction","target":{"@type":"EntryPoint","urlTemplate":"https:\/\/centralpark.pl\/wroclaw\/?s={search_term_string}"},"query-input":"required name=search_term_string"}],"inLanguage":"pl-PL"}]}},"_links":{"self":[{"href":"https:\/\/centralpark.pl\/wroclaw\/wp-json\/wp\/v2\/pages\/2848","targetHints":{"allow":["GET"]}}],"collection":[{"href":"https:\/\/centralpark.pl\/wroclaw\/wp-json\/wp\/v2\/pages"}],"about":[{"href":"https:\/\/centralpark.pl\/wroclaw\/wp-json\/wp\/v2\/types\/page"}],"author":[{"embeddable":true,"href":"https:\/\/centralpark.pl\/wroclaw\/wp-json\/wp\/v2\/users\/6"}],"replies":[{"embeddable":true,"href":"https:\/\/centralpark.pl\/wroclaw\/wp-json\/wp\/v2\/comments?post=2848"}],"version-history":[{"count":11,"href":"https:\/\/centralpark.pl\/wroclaw\/wp-json\/wp\/v2\/pages\/2848\/revisions"}],"predecessor-version":[{"id":4248,"href":"https:\/\/centralpark.pl\/wroclaw\/wp-json\/wp\/v2\/pages\/2848\/revisions\/4248"}],"wp:attachment":[{"href":"https:\/\/centralpark.pl\/wroclaw\/wp-json\/wp\/v2\/media?parent=2848"}],"curies":[{"name":"wp","href":"https:\/\/api.w.org\/{rel}","templated":true}]}}